1220. List the prime factors of t.
3, 89, 137
Let o = 8917 + 2881. List the prime factors of o.
2, 17, 347
Let c = 7444 - 4813. What are the prime factors of c?
3, 877
Suppose 374 - 74 = 5*x. Suppose x = -4*h + 7*h. Let o = 65 - h. List the prime factors of o.
3, 5
Let y(u) = -91*u - 281. Let o be -23 - -17 - (9 + -1). List the prime factors of y(o).
3, 331
Let w be (6 - (-1288)/(-49))/(2/(-14)). Suppose -w*b = -122*b - 14480. What are the prime factors of b?
2, 181
List the prime factors of (-8)/(-14) + 528/154 - (-501 - 0).
5, 101
Let u(j) = 16*j**2 + 3*j + 3. Let o(c) = -11 + 7 + 10 + 4 + 2*c. Let r be o(-6). List the prime factors of u(r).
61
Suppose -3*j + 6744 + 17299 = 4090. List the prime factors of j.
3, 739
Suppose 7*r - 546683 = -18*r + 659392. What are the prime factors of r?
3, 13, 1237
Let c(o) = -12 - 2*o + 3*o**2 + 2*o. Suppose 0 = 6*x - 20*x - 70. What are the prime factors of c(x)?
3, 7
Suppose 3*b = 9 - 12. Let j(x) = 65*x**2 - x - 1. Let w be j(b). Let d = w - -48. What are the prime factors of d?
113
Let s(g) = 7*g - 110. Let x be s(16). Suppose x*f - 2940 = 4*b, -819 + 6673 = 4*f + 5*b. What are the prime factors of f?
2, 733
Let h(y) = -y**3 - 55*y**2 + 115*y - 352. What are the prime factors of h(-59)?
11, 617
Suppose -154 + 934 = 26*t. What are the prime factors of (-6)/(-4)*(-7 + 12950/t)?
7, 13
Let b be ((-4)/(-6) + (-2456)/48)*-2. Let q = b + -237. Let d = 233 + q. What are the prime factors of d?
97
Let t(s) = 8*s**2 - 44*s - 132. What are the prime factors of t(20)?
2, 547
Let k = 4 - -11. Suppose 18*v = k*v + 9. Let q = v + 39. What are the prime factors of q?
2, 3, 7
Let u(p) = -76*p**3 - 5*p**2 - 4*p + 1. Let n be u(-1). Suppose 0 = 72*t - n*t + 460. What are the prime factors of t?
5, 23
Let b be (-58)/(-14) - ((-32)/(-56))/4. Suppose -b*z - c + 6952 = 1080, c = 5*z - 7340. List the prime factors of z.
2, 367
Suppose -20*q + 17747 + 25873 = 0. What are the prime factors of 3/(-12) + q/4?
5, 109
Let v = -5343 - -10470. What are the prime factors of v/21 + 5 + 144/(-28)?
2, 61
List the prime factors of -2 + (4 - 12) + 7067.
7057
List the prime factors of 149/(-2235) - (-96271)/15.
2, 3209
Let u = 8995 - 4711. List the prime factors of u.
2, 3, 7, 17
Let t(k) = -k**3 - 13*k**2 - 11*k + 17. Let y be t(-12). Suppose y*w = 2*w + 813. Let v = -187 + w. What are the prime factors of v?
2, 3, 7
Suppose u = 3*m - 12, m = 5*u - 2*m. Suppose 4*s + u*s = 0. Suppose -3*o + 5*c + 658 = s, -6*c + 1109 = 5*o - 2*c. What are the prime factors of o?
13, 17
Let v = 149 - 147. Let a(z) = 14*z**3 + 5*z**2 - 4*z - 1. List the prime factors of a(v).
3, 41
Suppose -15 = 4*b - 9*b. Suppose n - 40 = -b*n. List the prime factors of 18/45 + 176/n.
2, 3
Let o = 59 + -55. What are the prime factors of o/(-6)*(-933 - (-2 + 5))?
2, 3, 13
Let a(m) = 742*m - 2867. List the prime factors of a(6).
5, 317
Let c(d) = -604*d**2 - 7*d + 7. Let v be c(1). Let h = v + 652. What are the prime factors of h?
2, 3
Let h(l) = 3*l - 21. Let n be h(6). Let w(a) = -a**3 - 2*a**2 - a - 6. Let t be w(-3). List the prime factors of 754/6 + n/(27/t).
5
Let c(t) = 877*t + 1954. What are the prime factors of c(14)?
2, 3, 593
Let u(p) = -48*p**3 - 12*p**2 - 9*p + 16. List the prime factors of u(-3).
1231
Let f = 14477 - 7407. List the prime factors of f.
2, 5, 7, 101
Suppose 37*t + 1611500 = 92*t. What are the prime factors of t?
2, 5, 293
Let z(k) = k**2. Let j(p) = 6*p**2 - 46*p - 8. Let q(f) = j(f) + 8*z(f). What are the prime factors of q(9)?
2, 89
Let p = 440 - 171. Suppose 919 = 3*y - p. What are the prime factors of y?
2, 3, 11
List the prime factors of 2717/8 - 150/(-400).
2, 5, 17
What are the prime factors of (69868/(-2))/(-246 + 244)?
17467
Suppose 5*a = -a. Suppose l + 3*l - 116 = a. Suppose -3*b = l - 305. What are the prime factors of b?
2, 23
What are the prime factors of -12 + 9 - (4 - 4 - 6564)?
3
Let p be (-255)/5*14/6*1. Let i = -65 - p. Suppose -f + 39 = -i. What are the prime factors of f?
3, 31
Let x(m) = -53*m**2 + 2*m + 9. Let o(a) = 51*a**2 - 3*a - 10. Let g(k) = -3*o(k) - 4*x(k). List the prime factors of g(5).
2, 11, 67
Let a = 135 - 135. Suppose a = -14*n + 213 + 11. What are the prime factors of n?
2
Let z be 0 - (-1910)/(-15)*9/(-1). Suppose 3*v + 2*k = -0*v + z, 2*v - 2*k = 774. List the prime factors of v.
2, 3
Suppose -5*n - 2*q - 6283 = 4235, -5*n = 5*q + 10530. What are the prime factors of (-2)/(-6)*-1 - n/6?
2, 5, 7
Let m be 16/48 - (-1156)/6. Suppose -m = -2*u + 283. Suppose -50*j + 48*j = -u. What are the prime factors of j?
7, 17
List the prime factors of (9/(-6))/(-1*33/226798).
13, 61
Suppose -m = -0*m - 177. Suppose 0 = -7*f + m + 390. Suppose f - 51 = 2*i. What are the prime factors of i?
3, 5
Let p = -54 - -47. List the prime factors of (937 - -6 - -5) + p.
941
Suppose -213*i + 211*i + 4 = 0. What are the prime factors of ((-7)/i)/((-5)/(-2730)*-3)?
7, 13
What are the prime factors of (((-99603)/(-6))/17)/(3/126)?
3, 7, 31
Suppose 6*h = 94 - 28. Let i(v) = 28*v - 24. List the prime factors of i(h).
2, 71
Let m be 5 + (27/(-135))/(2/(-70)). Suppose -1137 = -m*d + 9*d - 3*x, d = -4*x + 373. What are the prime factors of d?
3, 127
Let h(i) = i**3 + 10*i**2 + 5*i - 5. Let b be h(-10). Let q be (2 + b/10)*-14. Suppose 361 - q = 4*r. List the prime factors of r.
2, 3, 13
Let j = -18673 + 31078. List the prime factors of j.
3, 5, 827
Let q = 37 - 43. Let i be q/(-1) + (-7 - -6). List the prime factors of 6/10 - (i - (-516)/(-15)).
2, 3, 5
Let g(v) = 6*v**2 + v - 1. Let l(p) = -3*p**2 + 1. Let i(a) = 3*g(a) + 5*l(a). Let z be i(14). List the prime factors of z/12*-3*(-1)/2.
79
Let p(a) = -273*a**2 + 6. Let x(b) = 91*b**2 - 2. Let z(i) = -4*p(i) - 11*x(i). List the prime factors of z(2).
2, 181
Let y = 29481 - 15851. What are the prime factors of y?
2, 5, 29, 47
Let g(a) = 98*a + 92. Let x be g(-7). Let k = x - -1829. List the prime factors of k.
5, 13, 19
Let x be (-36)/54*(-383)/2*3. Suppose 0 = -6*l + 1283 - x. What are the prime factors of l?
2, 3, 5
Let k(r) = -322*r - 7 - 311*r - 25 + 642*r. List the prime factors of k(8).
2, 5
What are the prime factors of ((-4)/20*-6)/(-10 - (-22058401)/2205835)?
2, 25951
Suppose 8 = -4*v, 3*v = -3*f + 3 - 0. Let c be -4 + f + 4 - -27. What are the prime factors of (7 + -1)/(2/c)?
2, 3, 5
Let o be ((-9)/(108/4))/(1/27). List the prime factors of (27/(-6))/o*2 - -493.
2, 13, 19
Let z(q) = 2*q**3 - 3*q**2 - 22*q + 345. What are the prime factors of z(12)?
3, 5, 23
Let o = 653 + -690. What are the prime factors of (991/(-3))/(o/111)?
991
Let o = -136 + 138. Suppose -27*h - 3838 = -31*h + d, 2*d = o*h - 1922. List the prime factors of h.
7, 137
Suppose -21*f + 16*f + 20 = 0. Suppose -4*o + 6*o = f. Suppose 5*c - 3*j = 15 + 7, 0 = -o*c + 3*j + 16. What are the prime factors of c?
2
Suppose -15*a = -10*a - 25. Suppose -3*n - 5*r = -4*r - 355, 4*n + a*r - 455 = 0. Let w = n - 99. List the prime factors of w.
3, 7
Suppose x - 3 = -x - a, 0 = -3*a - 3. Suppose -2 = s - f, s + 0*s = -3*f + 14. List the prime factors of 35 - (x + -4)/s.
2, 3
Suppose -7*q - 4*g + 462269 = 0, -3*q + 168015 = -3*g - 30105. List the prime factors of q.
3, 22013
Let t(s) = s**3 - 29*s**2 - 75*s + 80. Suppose 99 = 3*d + 5*n - 2*n, -2*n = -2*d + 62. What are the prime factors of t(d)?
2, 47
Suppose -427753 = -5*h + d, -4*h + 500*d = 503*d - 342210. What are the prime factors of h?
3, 28517
Suppose p = 4*i + 6*p - 36, 3*p = -i + 2. List the prime factors of i*(5760/8)/9.
2, 5, 7
Let g(n) = -35*n - 100. Let u be g(-3). Suppose 0 = -u*j, 0 = -3*m + 10*j - 8*j + 1101. List the prime factors of m.
367
Let t = -11767 - -23448. What are the prime factors of t?
11681
What are the prime factors of (-8)/(-72) - (1165848/(-216))/(2/4)?
5, 17, 127
Let a(i) = 39*i - 7. Suppose 0 = -2*o - 2*o + 36. What are the prime factors of a(o)?
2, 43
List the prime factors of 1852224/74 - (-226)/(-4181).
2, 5, 2503
Let h(f) = 11*f**2 - 12*f + 11. Suppose -62 = -5*c - 87. List the prime factors of h(c).
2, 173
Suppose -15 = 3*q - 3*n, 0 = -2*q - 4*n + 9*n - 25. Suppose q = 5*x - 153 - 5937. What are the prime factors of x?
2, 3, 7, 29
Let g(d) = 198*d**2 + 3*d - 2. Let t(y) = -4*y - 75. Let f(c) = 2*c + 38. Let r(h) = -5*f(h) - 3*t(h). Let a be 